{"id":794,"date":"2023-05-02T10:50:33","date_gmt":"2023-05-02T10:50:33","guid":{"rendered":"https:\/\/www.mdptrojmiasto.org\/?page_id=794"},"modified":"2023-05-02T11:00:38","modified_gmt":"2023-05-02T11:00:38","slug":"jakub-szefler","status":"publish","type":"page","link":"https:\/\/www.mdptrojmiasto.org\/index.php\/jakub-szefler\/","title":{"rendered":"Jakub Szefler"},"content":{"rendered":"\n<h2 class=\"wp-block-heading\">Cz\u0142onek Zarz\u0105du<\/h2>\n\n\n\n<figure class=\"wp-block-image size-full\"><img decoding=\"async\" loading=\"lazy\" width=\"849\" height=\"849\" src=\"https:\/\/www.mdptrojmiasto.org\/wp-content\/uploads\/2023\/02\/13177606_1716240575293529_4226031820961931435_n.jpg\" alt=\"\" class=\"wp-image-91\" srcset=\"https:\/\/www.mdptrojmiasto.org\/wp-content\/uploads\/2023\/02\/13177606_1716240575293529_4226031820961931435_n.jpg 849w, https:\/\/www.mdptrojmiasto.org\/wp-content\/uploads\/2023\/02\/13177606_1716240575293529_4226031820961931435_n-300x300.jpg 300w, https:\/\/www.mdptrojmiasto.org\/wp-content\/uploads\/2023\/02\/13177606_1716240575293529_4226031820961931435_n-150x150.jpg 150w, https:\/\/www.mdptrojmiasto.org\/wp-content\/uploads\/2023\/02\/13177606_1716240575293529_4226031820961931435_n-768x768.jpg 768w, https:\/\/www.mdptrojmiasto.org\/wp-content\/uploads\/2023\/02\/13177606_1716240575293529_4226031820961931435_n-600x600.jpg 600w, https:\/\/www.mdptrojmiasto.org\/wp-content\/uploads\/2023\/02\/13177606_1716240575293529_4226031820961931435_n-160x160.jpg 160w\" sizes=\"(max-width: 849px) 100vw, 849px\" \/><\/figure>\n\n\n\n<p>Radny Dzielnicy Karwiny (Gdynia), specjalista ds. p\u0142ac w Energa Centrum Us\u0142ug Wsp\u00f3lnych, by\u0142y Instruktor Harcerski, by\u0142y cz\u0142onek Niezale\u017cnego Zrzeszenia Student\u00f3w, Koordynator Krajowy ds. Merytorycznych i HR projektu Akcja Historia w roku akademickim 2015\/2016, g\u0142\u00f3wny asystent cz\u0142onka zarz\u0105du ds. zasob\u00f3w ludzkich NZS UG w roku akademickim 2016\/2017. Zawodowo od 3 lat zwi\u0105zany z kadrami i p\u0142acami, wcze\u015bniej pracuj\u0105c jako Manager ds. Personalnych a aktualnie jako Specjalista ds. P\u0142ac. W fundacji odpowiada w g\u0142\u00f3wnej mierze za HR i IT. Ma do\u015bwiadczenie w zarz\u0105dzaniu Fundacj\u0105 i realizacji projekt\u00f3w finansowanych ze \u015brodk\u00f3w publicznych.<\/p>\n","protected":false},"excerpt":{"rendered":"<p>Cz\u0142onek Zarz\u0105du Radny Dzielnicy Karwiny (Gdynia), specjalista ds. p\u0142ac w Energa Centrum Us\u0142ug Wsp\u00f3lnych, by\u0142y Instruktor Harcerski, by\u0142y cz\u0142onek Niezale\u017cnego Zrzeszenia Student\u00f3w, Koordynator Krajowy ds. Merytorycznych i HR projektu Akcja Historia w roku akademickim 2015\/2016, g\u0142\u00f3wny asystent cz\u0142onka zarz\u0105du ds. zasob\u00f3w ludzkich NZS UG w roku akademickim 2016\/2017. Zawodowo od [&hellip;]<\/p>\n","protected":false},"author":1,"featured_media":796,"parent":0,"menu_order":0,"comment_status":"closed","ping_status":"closed","template":"","meta":[],"yoast_head":"<!-- This site is optimized with the Yoast SEO plugin v20.6 - https:\/\/yoast.com\/wordpress\/plugins\/seo\/ -->\n<title>Jakub Szefler - Fundacja M\u0142odzi dla Polski Tr&oacute;jmiasto<\/title>\n<meta name=\"robots\" content=\"index, follow, max-snippet:-1, max-image-preview:large, max-video-preview:-1\" \/>\n<link rel=\"canonical\" href=\"https:\/\/www.mdptrojmiasto.org\/index.php\/jakub-szefler\/\" \/>\n<meta property=\"og:locale\" content=\"pl_PL\" \/>\n<meta property=\"og:type\" content=\"article\" \/>\n<meta property=\"og:title\" content=\"Jakub Szefler - Fundacja M\u0142odzi dla Polski Tr&oacute;jmiasto\" \/>\n<meta property=\"og:description\" content=\"Cz\u0142onek Zarz\u0105du Radny Dzielnicy Karwiny (Gdynia), specjalista ds. p\u0142ac w Energa Centrum Us\u0142ug Wsp\u00f3lnych, by\u0142y Instruktor Harcerski, by\u0142y cz\u0142onek Niezale\u017cnego Zrzeszenia Student\u00f3w, Koordynator Krajowy ds. Merytorycznych i HR projektu Akcja Historia w roku akademickim 2015\/2016, g\u0142\u00f3wny asystent cz\u0142onka zarz\u0105du ds. zasob\u00f3w ludzkich NZS UG w roku akademickim 2016\/2017. Zawodowo od [&hellip;]\" \/>\n<meta property=\"og:url\" content=\"https:\/\/www.mdptrojmiasto.org\/index.php\/jakub-szefler\/\" \/>\n<meta property=\"og:site_name\" content=\"Fundacja M\u0142odzi dla Polski Tr&oacute;jmiasto\" \/>\n<meta property=\"article:publisher\" content=\"https:\/\/www.facebook.com\/mdptrojmiasto\" \/>\n<meta property=\"article:modified_time\" content=\"2023-05-02T11:00:38+00:00\" \/>\n<meta property=\"og:image\" content=\"https:\/\/www.mdptrojmiasto.org\/wp-content\/uploads\/2023\/05\/120302680_1246152832415648_2675898622814188246_n-e1683024899711.jpg\" \/>\n\t<meta property=\"og:image:width\" content=\"1029\" \/>\n\t<meta property=\"og:image:height\" content=\"381\" \/>\n\t<meta property=\"og:image:type\" content=\"image\/jpeg\" \/>\n<meta name=\"twitter:card\" content=\"summary_large_image\" \/>\n<meta name=\"twitter:site\" content=\"@MlodzidlaPolski\" \/>\n<meta name=\"twitter:label1\" content=\"Szacowany czas czytania\" \/>\n\t<meta name=\"twitter:data1\" content=\"1 minuta\" \/>\n<script type=\"application\/ld+json\" class=\"yoast-schema-graph\">{\"@context\":\"https:\/\/schema.org\",\"@graph\":[{\"@type\":\"WebPage\",\"@id\":\"https:\/\/www.mdptrojmiasto.org\/index.php\/jakub-szefler\/\",\"url\":\"https:\/\/www.mdptrojmiasto.org\/index.php\/jakub-szefler\/\",\"name\":\"Jakub Szefler - Fundacja M\u0142odzi dla Polski Tr&oacute;jmiasto\",\"isPartOf\":{\"@id\":\"https:\/\/www.mdptrojmiasto.org\/#website\"},\"datePublished\":\"2023-05-02T10:50:33+00:00\",\"dateModified\":\"2023-05-02T11:00:38+00:00\",\"breadcrumb\":{\"@id\":\"https:\/\/www.mdptrojmiasto.org\/index.php\/jakub-szefler\/#breadcrumb\"},\"inLanguage\":\"pl-PL\",\"potentialAction\":[{\"@type\":\"ReadAction\",\"target\":[\"https:\/\/www.mdptrojmiasto.org\/index.php\/jakub-szefler\/\"]}]},{\"@type\":\"BreadcrumbList\",\"@id\":\"https:\/\/www.mdptrojmiasto.org\/index.php\/jakub-szefler\/#breadcrumb\",\"itemListElement\":[{\"@type\":\"ListItem\",\"position\":1,\"name\":\"Strona g\u0142\u00f3wna\",\"item\":\"https:\/\/www.mdptrojmiasto.org\/\"},{\"@type\":\"ListItem\",\"position\":2,\"name\":\"Jakub Szefler\"}]},{\"@type\":\"WebSite\",\"@id\":\"https:\/\/www.mdptrojmiasto.org\/#website\",\"url\":\"https:\/\/www.mdptrojmiasto.org\/\",\"name\":\"Fundacja M\u0142odzi dla Polski Tr&oacute;jmiasto\",\"description\":\"Tworzymy wsp&oacute;lnot\u0119, dbamy o histori\u0119, jeste\u015bmy przysz\u0142o\u015bci\u0105.\",\"publisher\":{\"@id\":\"https:\/\/www.mdptrojmiasto.org\/#organization\"},\"alternateName\":\"M\u0142odzi dla Polski\",\"potentialAction\":[{\"@type\":\"SearchAction\",\"target\":{\"@type\":\"EntryPoint\",\"urlTemplate\":\"https:\/\/www.mdptrojmiasto.org\/?s={search_term_string}\"},\"query-input\":\"required name=search_term_string\"}],\"inLanguage\":\"pl-PL\"},{\"@type\":\"Organization\",\"@id\":\"https:\/\/www.mdptrojmiasto.org\/#organization\",\"name\":\"M\u0142odzi dla Polski Tr\u00f3jmiasto\",\"alternateName\":\"M\u0142odzi dla Polski\",\"url\":\"https:\/\/www.mdptrojmiasto.org\/\",\"logo\":{\"@type\":\"ImageObject\",\"inLanguage\":\"pl-PL\",\"@id\":\"https:\/\/www.mdptrojmiasto.org\/#\/schema\/logo\/image\/\",\"url\":\"https:\/\/www.mdptrojmiasto.org\/wp-content\/uploads\/2023\/02\/cropped-cropped-cropped-MDP_TROJMIASTO_LOGO_3-removebg-preview-e1682971553680.png\",\"contentUrl\":\"https:\/\/www.mdptrojmiasto.org\/wp-content\/uploads\/2023\/02\/cropped-cropped-cropped-MDP_TROJMIASTO_LOGO_3-removebg-preview-e1682971553680.png\",\"width\":419,\"height\":419,\"caption\":\"M\u0142odzi dla Polski Tr\u00f3jmiasto\"},\"image\":{\"@id\":\"https:\/\/www.mdptrojmiasto.org\/#\/schema\/logo\/image\/\"},\"sameAs\":[\"https:\/\/www.facebook.com\/mdptrojmiasto\",\"https:\/\/twitter.com\/MlodzidlaPolski\",\"https:\/\/www.youtube.com\/channel\/UCNbWX3lFH9VJ2Erax_Gkxqg\",\"https:\/\/www.instagram.com\/mlodzidlapolskitrojmiasto\/\"]}]}<\/script>\n<!-- \/ Yoast SEO plugin. -->","yoast_head_json":{"title":"Jakub Szefler - Fundacja M\u0142odzi dla Polski Tr&oacute;jmiasto","robots":{"index":"index","follow":"follow","max-snippet":"max-snippet:-1","max-image-preview":"max-image-preview:large","max-video-preview":"max-video-preview:-1"},"canonical":"https:\/\/www.mdptrojmiasto.org\/index.php\/jakub-szefler\/","og_locale":"pl_PL","og_type":"article","og_title":"Jakub Szefler - Fundacja M\u0142odzi dla Polski Tr&oacute;jmiasto","og_description":"Cz\u0142onek Zarz\u0105du Radny Dzielnicy Karwiny (Gdynia), specjalista ds. p\u0142ac w Energa Centrum Us\u0142ug Wsp\u00f3lnych, by\u0142y Instruktor Harcerski, by\u0142y cz\u0142onek Niezale\u017cnego Zrzeszenia Student\u00f3w, Koordynator Krajowy ds. Merytorycznych i HR projektu Akcja Historia w roku akademickim 2015\/2016, g\u0142\u00f3wny asystent cz\u0142onka zarz\u0105du ds. zasob\u00f3w ludzkich NZS UG w roku akademickim 2016\/2017. Zawodowo od [&hellip;]","og_url":"https:\/\/www.mdptrojmiasto.org\/index.php\/jakub-szefler\/","og_site_name":"Fundacja M\u0142odzi dla Polski Tr&oacute;jmiasto","article_publisher":"https:\/\/www.facebook.com\/mdptrojmiasto","article_modified_time":"2023-05-02T11:00:38+00:00","og_image":[{"width":1029,"height":381,"url":"https:\/\/www.mdptrojmiasto.org\/wp-content\/uploads\/2023\/05\/120302680_1246152832415648_2675898622814188246_n-e1683024899711.jpg","type":"image\/jpeg"}],"twitter_card":"summary_large_image","twitter_site":"@MlodzidlaPolski","twitter_misc":{"Szacowany czas czytania":"1 minuta"},"schema":{"@context":"https:\/\/schema.org","@graph":[{"@type":"WebPage","@id":"https:\/\/www.mdptrojmiasto.org\/index.php\/jakub-szefler\/","url":"https:\/\/www.mdptrojmiasto.org\/index.php\/jakub-szefler\/","name":"Jakub Szefler - Fundacja M\u0142odzi dla Polski Tr&oacute;jmiasto","isPartOf":{"@id":"https:\/\/www.mdptrojmiasto.org\/#website"},"datePublished":"2023-05-02T10:50:33+00:00","dateModified":"2023-05-02T11:00:38+00:00","breadcrumb":{"@id":"https:\/\/www.mdptrojmiasto.org\/index.php\/jakub-szefler\/#breadcrumb"},"inLanguage":"pl-PL","potentialAction":[{"@type":"ReadAction","target":["https:\/\/www.mdptrojmiasto.org\/index.php\/jakub-szefler\/"]}]},{"@type":"BreadcrumbList","@id":"https:\/\/www.mdptrojmiasto.org\/index.php\/jakub-szefler\/#breadcrumb","itemListElement":[{"@type":"ListItem","position":1,"name":"Strona g\u0142\u00f3wna","item":"https:\/\/www.mdptrojmiasto.org\/"},{"@type":"ListItem","position":2,"name":"Jakub Szefler"}]},{"@type":"WebSite","@id":"https:\/\/www.mdptrojmiasto.org\/#website","url":"https:\/\/www.mdptrojmiasto.org\/","name":"Fundacja M\u0142odzi dla Polski Tr&oacute;jmiasto","description":"Tworzymy wsp&oacute;lnot\u0119, dbamy o histori\u0119, jeste\u015bmy przysz\u0142o\u015bci\u0105.","publisher":{"@id":"https:\/\/www.mdptrojmiasto.org\/#organization"},"alternateName":"M\u0142odzi dla Polski","potentialAction":[{"@type":"SearchAction","target":{"@type":"EntryPoint","urlTemplate":"https:\/\/www.mdptrojmiasto.org\/?s={search_term_string}"},"query-input":"required name=search_term_string"}],"inLanguage":"pl-PL"},{"@type":"Organization","@id":"https:\/\/www.mdptrojmiasto.org\/#organization","name":"M\u0142odzi dla Polski Tr\u00f3jmiasto","alternateName":"M\u0142odzi dla Polski","url":"https:\/\/www.mdptrojmiasto.org\/","logo":{"@type":"ImageObject","inLanguage":"pl-PL","@id":"https:\/\/www.mdptrojmiasto.org\/#\/schema\/logo\/image\/","url":"https:\/\/www.mdptrojmiasto.org\/wp-content\/uploads\/2023\/02\/cropped-cropped-cropped-MDP_TROJMIASTO_LOGO_3-removebg-preview-e1682971553680.png","contentUrl":"https:\/\/www.mdptrojmiasto.org\/wp-content\/uploads\/2023\/02\/cropped-cropped-cropped-MDP_TROJMIASTO_LOGO_3-removebg-preview-e1682971553680.png","width":419,"height":419,"caption":"M\u0142odzi dla Polski Tr\u00f3jmiasto"},"image":{"@id":"https:\/\/www.mdptrojmiasto.org\/#\/schema\/logo\/image\/"},"sameAs":["https:\/\/www.facebook.com\/mdptrojmiasto","https:\/\/twitter.com\/MlodzidlaPolski","https:\/\/www.youtube.com\/channel\/UCNbWX3lFH9VJ2Erax_Gkxqg","https:\/\/www.instagram.com\/mlodzidlapolskitrojmiasto\/"]}]}},"_links":{"self":[{"href":"https:\/\/www.mdptrojmiasto.org\/index.php\/wp-json\/wp\/v2\/pages\/794"}],"collection":[{"href":"https:\/\/www.mdptrojmiasto.org\/index.php\/wp-json\/wp\/v2\/pages"}],"about":[{"href":"https:\/\/www.mdptrojmiasto.org\/index.php\/wp-json\/wp\/v2\/types\/page"}],"author":[{"embeddable":true,"href":"https:\/\/www.mdptrojmiasto.org\/index.php\/wp-json\/wp\/v2\/users\/1"}],"replies":[{"embeddable":true,"href":"https:\/\/www.mdptrojmiasto.org\/index.php\/wp-json\/wp\/v2\/comments?post=794"}],"version-history":[{"count":4,"href":"https:\/\/www.mdptrojmiasto.org\/index.php\/wp-json\/wp\/v2\/pages\/794\/revisions"}],"predecessor-version":[{"id":799,"href":"https:\/\/www.mdptrojmiasto.org\/index.php\/wp-json\/wp\/v2\/pages\/794\/revisions\/799"}],"wp:featuredmedia":[{"embeddable":true,"href":"https:\/\/www.mdptrojmiasto.org\/index.php\/wp-json\/wp\/v2\/media\/796"}],"wp:attachment":[{"href":"https:\/\/www.mdptrojmiasto.org\/index.php\/wp-json\/wp\/v2\/media?parent=794"}],"curies":[{"name":"wp","href":"https:\/\/api.w.org\/{rel}","templated":true}]}}