{"id":33,"date":"2023-02-24T16:12:22","date_gmt":"2023-02-24T16:12:22","guid":{"rendered":"http:\/\/www.mdptrojmiasto.org\/?page_id=33"},"modified":"2023-04-23T14:05:20","modified_gmt":"2023-04-23T14:05:20","slug":"kontakt","status":"publish","type":"page","link":"https:\/\/www.mdptrojmiasto.org\/index.php\/kontakt\/","title":{"rendered":"Kontakt"},"content":{"rendered":"\n<div class=\"wp-block-columns alignfull is-layout-flex wp-container-2\">\n<div class=\"wp-block-column is-layout-flow\">\n\n\n<p><\/p>\n<\/div>\n<\/div>\n\n\n\n<div class=\"wp-block-columns container is-layout-flex wp-container-9\">\n<div class=\"wp-block-column is-vertically-aligned-center is-layout-flow\">\n<h2 class=\"hestia-title wp-block-heading\">Napisz Wiadomo\u015b\u0107<\/h2>\n\n\n\n<p>zarzad@mdptrojmiasto.org<\/p>\n\n\n\n<div style=\"height:60px\" aria-hidden=\"true\" class=\"wp-block-spacer\"><\/div>\n\n\n<\/div>\n\n\n\n<div class=\"wp-block-column is-vertically-aligned-center is-layout-flow\">\n<div class=\"wp-block-columns is-layout-flex wp-container-7\">\n<div class=\"wp-block-column is-layout-flow\"><\/div>\n\n\n\n<div class=\"wp-block-column is-layout-flow\" style=\"flex-basis:50%\">\n<h4 class=\"has-text-align-left hestia-title has-text-color wp-block-heading\" style=\"color:#3c4858;font-size:18px\"><img decoding=\"async\" class=\"wp-image-86\" style=\"width: 25px;\" src=\"https:\/\/www.mdptrojmiasto.org\/wp-content\/themes\/hestia\/assets\/img\/contact1.png\" alt=\"Map icon\">  <strong>Tu jeste\u015bmy<\/strong><\/h4>\n\n\n\n<p class=\"has-text-align-left has-text-color\" style=\"color:#999999;font-size:14px\">Aleja Grunwaldzka 137\/20<br>80-236 Gda\u0144sk<br><br>adres korespondencyjny <br>ulica Widna 3\/93<br>81-649 Gdynia<\/p>\n\n\n\n<p><\/p>\n\n\n\n<div style=\"height:40px\" aria-hidden=\"true\" class=\"wp-block-spacer\"><\/div>\n\n\n\n<h4 class=\"has-text-align-left hestia-title has-text-color wp-block-heading\" style=\"color:#3c4858;font-size:18px\"> <\/h4>\n\n\n\n<p class=\"has-text-align-left has-text-color\" style=\"color:#999999;font-size:14px\"><\/p>\n\n\n\n<div style=\"height:40px\" aria-hidden=\"true\" class=\"wp-block-spacer\"><\/div>\n\n\n\n<h4 class=\"has-text-align-left hestia-title has-text-color wp-block-heading\" style=\"color:#3c4858;font-size:18px\"><\/h4>\n<\/div>\n\n\n\n<div class=\"wp-block-column is-layout-flow\"><\/div>\n<\/div>\n<\/div>\n<\/div>\n\n\n\n<p><\/p>\n","protected":false},"excerpt":{"rendered":"<p>Napisz Wiadomo\u015b\u0107 zarzad@mdptrojmiasto.org Tu jeste\u015bmy Aleja Grunwaldzka 137\/2080-236 Gda\u0144sk adres korespondencyjny ulica Widna 3\/9381-649 Gdynia<\/p>\n","protected":false},"author":1,"featured_media":25,"parent":0,"menu_order":0,"comment_status":"closed","ping_status":"closed","template":"page-templates\/template-pagebuilder-full-width.php","meta":[],"yoast_head":"<!-- This site is optimized with the Yoast SEO plugin v20.6 - https:\/\/yoast.com\/wordpress\/plugins\/seo\/ -->\n<title>Kontakt - Fundacja M\u0142odzi dla Polski Tr&oacute;jmiasto<\/title>\n<meta name=\"robots\" content=\"index, follow, max-snippet:-1, max-image-preview:large, max-video-preview:-1\" \/>\n<link rel=\"canonical\" href=\"https:\/\/www.mdptrojmiasto.org\/index.php\/kontakt\/\" \/>\n<meta property=\"og:locale\" content=\"pl_PL\" \/>\n<meta property=\"og:type\" content=\"article\" \/>\n<meta property=\"og:title\" content=\"Kontakt - Fundacja M\u0142odzi dla Polski Tr&oacute;jmiasto\" \/>\n<meta property=\"og:description\" content=\"Napisz Wiadomo\u015b\u0107 zarzad@mdptrojmiasto.org Tu jeste\u015bmy Aleja Grunwaldzka 137\/2080-236 Gda\u0144sk adres korespondencyjny ulica Widna 3\/9381-649 Gdynia\" \/>\n<meta property=\"og:url\" content=\"https:\/\/www.mdptrojmiasto.org\/index.php\/kontakt\/\" \/>\n<meta property=\"og:site_name\" content=\"Fundacja M\u0142odzi dla Polski Tr&oacute;jmiasto\" \/>\n<meta property=\"article:publisher\" content=\"https:\/\/www.facebook.com\/mdptrojmiasto\" \/>\n<meta property=\"article:modified_time\" content=\"2023-04-23T14:05:20+00:00\" \/>\n<meta property=\"og:image\" content=\"https:\/\/www.mdptrojmiasto.org\/wp-content\/uploads\/2023\/02\/contact-1.jpg\" \/>\n\t<meta property=\"og:image:width\" content=\"1024\" \/>\n\t<meta property=\"og:image:height\" content=\"683\" \/>\n\t<meta property=\"og:image:type\" content=\"image\/jpeg\" \/>\n<meta name=\"twitter:card\" content=\"summary_large_image\" \/>\n<meta name=\"twitter:site\" content=\"@MlodzidlaPolski\" \/>\n<script type=\"application\/ld+json\" class=\"yoast-schema-graph\">{\"@context\":\"https:\/\/schema.org\",\"@graph\":[{\"@type\":\"WebPage\",\"@id\":\"https:\/\/www.mdptrojmiasto.org\/index.php\/kontakt\/\",\"url\":\"https:\/\/www.mdptrojmiasto.org\/index.php\/kontakt\/\",\"name\":\"Kontakt - Fundacja M\u0142odzi dla Polski Tr&oacute;jmiasto\",\"isPartOf\":{\"@id\":\"https:\/\/www.mdptrojmiasto.org\/#website\"},\"datePublished\":\"2023-02-24T16:12:22+00:00\",\"dateModified\":\"2023-04-23T14:05:20+00:00\",\"breadcrumb\":{\"@id\":\"https:\/\/www.mdptrojmiasto.org\/index.php\/kontakt\/#breadcrumb\"},\"inLanguage\":\"pl-PL\",\"potentialAction\":[{\"@type\":\"ReadAction\",\"target\":[\"https:\/\/www.mdptrojmiasto.org\/index.php\/kontakt\/\"]}]},{\"@type\":\"BreadcrumbList\",\"@id\":\"https:\/\/www.mdptrojmiasto.org\/index.php\/kontakt\/#breadcrumb\",\"itemListElement\":[{\"@type\":\"ListItem\",\"position\":1,\"name\":\"Strona g\u0142\u00f3wna\",\"item\":\"https:\/\/www.mdptrojmiasto.org\/\"},{\"@type\":\"ListItem\",\"position\":2,\"name\":\"Kontakt\"}]},{\"@type\":\"WebSite\",\"@id\":\"https:\/\/www.mdptrojmiasto.org\/#website\",\"url\":\"https:\/\/www.mdptrojmiasto.org\/\",\"name\":\"Fundacja M\u0142odzi dla Polski Tr&oacute;jmiasto\",\"description\":\"Tworzymy wsp&oacute;lnot\u0119, dbamy o histori\u0119, jeste\u015bmy przysz\u0142o\u015bci\u0105.\",\"publisher\":{\"@id\":\"https:\/\/www.mdptrojmiasto.org\/#organization\"},\"alternateName\":\"M\u0142odzi dla Polski\",\"potentialAction\":[{\"@type\":\"SearchAction\",\"target\":{\"@type\":\"EntryPoint\",\"urlTemplate\":\"https:\/\/www.mdptrojmiasto.org\/?s={search_term_string}\"},\"query-input\":\"required name=search_term_string\"}],\"inLanguage\":\"pl-PL\"},{\"@type\":\"Organization\",\"@id\":\"https:\/\/www.mdptrojmiasto.org\/#organization\",\"name\":\"M\u0142odzi dla Polski Tr\u00f3jmiasto\",\"alternateName\":\"M\u0142odzi dla Polski\",\"url\":\"https:\/\/www.mdptrojmiasto.org\/\",\"logo\":{\"@type\":\"ImageObject\",\"inLanguage\":\"pl-PL\",\"@id\":\"https:\/\/www.mdptrojmiasto.org\/#\/schema\/logo\/image\/\",\"url\":\"https:\/\/www.mdptrojmiasto.org\/wp-content\/uploads\/2023\/02\/cropped-cropped-cropped-MDP_TROJMIASTO_LOGO_3-removebg-preview-e1682971553680.png\",\"contentUrl\":\"https:\/\/www.mdptrojmiasto.org\/wp-content\/uploads\/2023\/02\/cropped-cropped-cropped-MDP_TROJMIASTO_LOGO_3-removebg-preview-e1682971553680.png\",\"width\":419,\"height\":419,\"caption\":\"M\u0142odzi dla Polski Tr\u00f3jmiasto\"},\"image\":{\"@id\":\"https:\/\/www.mdptrojmiasto.org\/#\/schema\/logo\/image\/\"},\"sameAs\":[\"https:\/\/www.facebook.com\/mdptrojmiasto\",\"https:\/\/twitter.com\/MlodzidlaPolski\",\"https:\/\/www.youtube.com\/channel\/UCNbWX3lFH9VJ2Erax_Gkxqg\",\"https:\/\/www.instagram.com\/mlodzidlapolskitrojmiasto\/\"]}]}<\/script>\n<!-- \/ Yoast SEO plugin. -->","yoast_head_json":{"title":"Kontakt - Fundacja M\u0142odzi dla Polski Tr&oacute;jmiasto","robots":{"index":"index","follow":"follow","max-snippet":"max-snippet:-1","max-image-preview":"max-image-preview:large","max-video-preview":"max-video-preview:-1"},"canonical":"https:\/\/www.mdptrojmiasto.org\/index.php\/kontakt\/","og_locale":"pl_PL","og_type":"article","og_title":"Kontakt - Fundacja M\u0142odzi dla Polski Tr&oacute;jmiasto","og_description":"Napisz Wiadomo\u015b\u0107 zarzad@mdptrojmiasto.org Tu jeste\u015bmy Aleja Grunwaldzka 137\/2080-236 Gda\u0144sk adres korespondencyjny ulica Widna 3\/9381-649 Gdynia","og_url":"https:\/\/www.mdptrojmiasto.org\/index.php\/kontakt\/","og_site_name":"Fundacja M\u0142odzi dla Polski Tr&oacute;jmiasto","article_publisher":"https:\/\/www.facebook.com\/mdptrojmiasto","article_modified_time":"2023-04-23T14:05:20+00:00","og_image":[{"width":1024,"height":683,"url":"https:\/\/www.mdptrojmiasto.org\/wp-content\/uploads\/2023\/02\/contact-1.jpg","type":"image\/jpeg"}],"twitter_card":"summary_large_image","twitter_site":"@MlodzidlaPolski","schema":{"@context":"https:\/\/schema.org","@graph":[{"@type":"WebPage","@id":"https:\/\/www.mdptrojmiasto.org\/index.php\/kontakt\/","url":"https:\/\/www.mdptrojmiasto.org\/index.php\/kontakt\/","name":"Kontakt - Fundacja M\u0142odzi dla Polski Tr&oacute;jmiasto","isPartOf":{"@id":"https:\/\/www.mdptrojmiasto.org\/#website"},"datePublished":"2023-02-24T16:12:22+00:00","dateModified":"2023-04-23T14:05:20+00:00","breadcrumb":{"@id":"https:\/\/www.mdptrojmiasto.org\/index.php\/kontakt\/#breadcrumb"},"inLanguage":"pl-PL","potentialAction":[{"@type":"ReadAction","target":["https:\/\/www.mdptrojmiasto.org\/index.php\/kontakt\/"]}]},{"@type":"BreadcrumbList","@id":"https:\/\/www.mdptrojmiasto.org\/index.php\/kontakt\/#breadcrumb","itemListElement":[{"@type":"ListItem","position":1,"name":"Strona g\u0142\u00f3wna","item":"https:\/\/www.mdptrojmiasto.org\/"},{"@type":"ListItem","position":2,"name":"Kontakt"}]},{"@type":"WebSite","@id":"https:\/\/www.mdptrojmiasto.org\/#website","url":"https:\/\/www.mdptrojmiasto.org\/","name":"Fundacja M\u0142odzi dla Polski Tr&oacute;jmiasto","description":"Tworzymy wsp&oacute;lnot\u0119, dbamy o histori\u0119, jeste\u015bmy przysz\u0142o\u015bci\u0105.","publisher":{"@id":"https:\/\/www.mdptrojmiasto.org\/#organization"},"alternateName":"M\u0142odzi dla Polski","potentialAction":[{"@type":"SearchAction","target":{"@type":"EntryPoint","urlTemplate":"https:\/\/www.mdptrojmiasto.org\/?s={search_term_string}"},"query-input":"required name=search_term_string"}],"inLanguage":"pl-PL"},{"@type":"Organization","@id":"https:\/\/www.mdptrojmiasto.org\/#organization","name":"M\u0142odzi dla Polski Tr\u00f3jmiasto","alternateName":"M\u0142odzi dla Polski","url":"https:\/\/www.mdptrojmiasto.org\/","logo":{"@type":"ImageObject","inLanguage":"pl-PL","@id":"https:\/\/www.mdptrojmiasto.org\/#\/schema\/logo\/image\/","url":"https:\/\/www.mdptrojmiasto.org\/wp-content\/uploads\/2023\/02\/cropped-cropped-cropped-MDP_TROJMIASTO_LOGO_3-removebg-preview-e1682971553680.png","contentUrl":"https:\/\/www.mdptrojmiasto.org\/wp-content\/uploads\/2023\/02\/cropped-cropped-cropped-MDP_TROJMIASTO_LOGO_3-removebg-preview-e1682971553680.png","width":419,"height":419,"caption":"M\u0142odzi dla Polski Tr\u00f3jmiasto"},"image":{"@id":"https:\/\/www.mdptrojmiasto.org\/#\/schema\/logo\/image\/"},"sameAs":["https:\/\/www.facebook.com\/mdptrojmiasto","https:\/\/twitter.com\/MlodzidlaPolski","https:\/\/www.youtube.com\/channel\/UCNbWX3lFH9VJ2Erax_Gkxqg","https:\/\/www.instagram.com\/mlodzidlapolskitrojmiasto\/"]}]}},"_links":{"self":[{"href":"https:\/\/www.mdptrojmiasto.org\/index.php\/wp-json\/wp\/v2\/pages\/33"}],"collection":[{"href":"https:\/\/www.mdptrojmiasto.org\/index.php\/wp-json\/wp\/v2\/pages"}],"about":[{"href":"https:\/\/www.mdptrojmiasto.org\/index.php\/wp-json\/wp\/v2\/types\/page"}],"author":[{"embeddable":true,"href":"https:\/\/www.mdptrojmiasto.org\/index.php\/wp-json\/wp\/v2\/users\/1"}],"replies":[{"embeddable":true,"href":"https:\/\/www.mdptrojmiasto.org\/index.php\/wp-json\/wp\/v2\/comments?post=33"}],"version-history":[{"count":5,"href":"https:\/\/www.mdptrojmiasto.org\/index.php\/wp-json\/wp\/v2\/pages\/33\/revisions"}],"predecessor-version":[{"id":727,"href":"https:\/\/www.mdptrojmiasto.org\/index.php\/wp-json\/wp\/v2\/pages\/33\/revisions\/727"}],"wp:featuredmedia":[{"embeddable":true,"href":"https:\/\/www.mdptrojmiasto.org\/index.php\/wp-json\/wp\/v2\/media\/25"}],"wp:attachment":[{"href":"https:\/\/www.mdptrojmiasto.org\/index.php\/wp-json\/wp\/v2\/media?parent=33"}],"curies":[{"name":"wp","href":"https:\/\/api.w.org\/{rel}","templated":true}]}}